{"id":3026,"date":"2022-09-07T15:11:24","date_gmt":"2022-09-07T12:11:24","guid":{"rendered":"https:\/\/www.ircon.ro\/home\/?post_type=product&#038;p=3026"},"modified":"2024-05-22T08:04:21","modified_gmt":"2024-05-22T05:04:21","slug":"menpotent-195g","status":"publish","type":"product","link":"https:\/\/www.ircon.ro\/home\/produs\/menpotent-195g\/","title":{"rendered":"Menpotent 19,5g"},"content":{"rendered":"<p><strong>Ingrediente\/cpr.:<\/strong><\/p>\n<p>agen\u0163i de \u00eenc\u0103rcare: lactoz\u0103 monohidrat, celuloz\u0103 microcristalin\u0103; extract hidroetanolic 4:1 (10% maltodextrin\u0103) din fructe de palmier pitic (Saw palmetto), arginin\u0103; stabilizatori: povidon\u0103,crospovidon\u0103 agen\u0163i antiaglomeran\u0163i: amidon pregelatinizat, talc, stearat de magneziu; extract hidroetanolic 5:1 (10% maltodextrin\u0103) din r\u0103d\u0103cin\u0103 de Ginseng ro\u015fu (Panax ginseng), extract hidroetanolic din frunze de Ginkgo biloba, cu 24% ginkgoflavone \u0219i 6% terpene lactonice, extract apos din r\u0103d\u0103cin\u0103 de Ghin\u0163ur\u0103 (Gentiana sino-ornata), extract hidroetanolic 4:1 (10% maltodextrin\u0103) din r\u0103dacin\u0103 de Maca (Lepidium meyenii).<\/p>\n<p><strong>Mod de utilizare:<\/strong><br \/>\n1-2 comprimate pe zi, dupa mas\u0103.<\/p>\n<p><strong>Contraindica\u0163ii:<\/strong><\/p>\n<p>Contraindicat persoanelor cu intoleran\u021b\u0103 la lactoz\u0103 sau alergice la oricare dintre ingredientele produsului.<br \/>\n.<\/p>\n","protected":false},"excerpt":{"rendered":"<p>Extractele din: fructe de palmier pitic, r\u0103d\u0103cin\u0103 de Ginseng ro\u0219u, frunze de Gingko biloba, Ghin\u0163ur\u0103, Maca \u0219i arginina, optimizeaz\u0103 func\u021biile \u0219i activitatea aparatului genital masculin. De asemenea, contribuie la stimularea sistemului nervos \u0219i a func\u021biilor psihice: induce starea de calm, bine, \u00eencrederea de sine, contribuind astfel la revigoararea organismului, \u00eembun\u0103t\u0103\u021be\u0219te tonusul \u0219i amelioreaz\u0103 starea de oboseal\u0103 \u0219i epuizare.<\/p>\n","protected":false},"featured_media":3027,"comment_status":"open","ping_status":"closed","template":"","meta":[],"product_cat":[21],"product_tag":[],"yoast_head":"<!-- This site is optimized with the Yoast SEO plugin v15.8 - https:\/\/yoast.com\/wordpress\/plugins\/seo\/ -->\n<title>Menpotent 19,5g | Stimuleaz\u0103 performan\u0163a sexual\u0103<\/title>\n<meta name=\"description\" content=\"Produsul Menpotent stimuleaz\u0103 performan\u0163a sexual\u0103, \u00eencrederea de sine \u015fi sistemul osos.\" \/>\n<meta name=\"robots\" content=\"index, follow, max-snippet:-1, max-image-preview:large, max-video-preview:-1\" \/>\n<link rel=\"canonical\" href=\"https:\/\/www.ircon.ro\/home\/produs\/menpotent-195g\/\" \/>\n<meta property=\"og:locale\" content=\"ro_RO\" \/>\n<meta property=\"og:type\" content=\"article\" \/>\n<meta property=\"og:title\" content=\"Menpotent 19,5g | Stimuleaz\u0103 performan\u0163a sexual\u0103\" \/>\n<meta property=\"og:description\" content=\"Produsul Menpotent stimuleaz\u0103 performan\u0163a sexual\u0103, \u00eencrederea de sine \u015fi sistemul osos.\" \/>\n<meta property=\"og:url\" content=\"https:\/\/www.ircon.ro\/home\/produs\/menpotent-195g\/\" \/>\n<meta property=\"article:publisher\" content=\"https:\/\/www.facebook.com\/IRCON-562019920546430\/\" \/>\n<meta property=\"article:modified_time\" content=\"2024-05-22T05:04:21+00:00\" \/>\n<meta property=\"og:image\" content=\"https:\/\/www.ircon.ro\/wp-content\/uploads\/2022\/09\/menpotent.png\" \/>\n\t<meta property=\"og:image:width\" content=\"600\" \/>\n\t<meta property=\"og:image:height\" content=\"783\" \/>\n<meta name=\"twitter:card\" content=\"summary_large_image\" \/>\n<meta name=\"twitter:label1\" content=\"Timp estimat pentru citire\">\n\t<meta name=\"twitter:data1\" content=\"1 minut\">\n<script type=\"application\/ld+json\" class=\"yoast-schema-graph\">{\"@context\":\"https:\/\/schema.org\",\"@graph\":[{\"@type\":\"Organization\",\"@id\":\"https:\/\/www.ircon.ro\/home\/#organization\",\"name\":\"Ircon SRL\",\"url\":\"https:\/\/www.ircon.ro\/home\/\",\"sameAs\":[\"https:\/\/www.facebook.com\/IRCON-562019920546430\/\"],\"logo\":{\"@type\":\"ImageObject\",\"@id\":\"https:\/\/www.ircon.ro\/home\/#logo\",\"inLanguage\":\"ro-RO\",\"url\":\"https:\/\/www.ircon.ro\/wp-content\/uploads\/2021\/01\/cropped-cropped-Logo_Ircon-1.png\",\"width\":400,\"height\":140,\"caption\":\"Ircon SRL\"},\"image\":{\"@id\":\"https:\/\/www.ircon.ro\/home\/#logo\"}},{\"@type\":\"WebSite\",\"@id\":\"https:\/\/www.ircon.ro\/home\/#website\",\"url\":\"https:\/\/www.ircon.ro\/home\/\",\"name\":\"Ircon\",\"description\":\"Prin \\u0219tiin\\u021b\\u0103 prevenim \\u0219i \\u00eenvingem!\",\"publisher\":{\"@id\":\"https:\/\/www.ircon.ro\/home\/#organization\"},\"potentialAction\":[{\"@type\":\"SearchAction\",\"target\":\"https:\/\/www.ircon.ro\/home\/?s={search_term_string}\",\"query-input\":\"required name=search_term_string\"}],\"inLanguage\":\"ro-RO\"},{\"@type\":\"ImageObject\",\"@id\":\"https:\/\/www.ircon.ro\/home\/produs\/menpotent-195g\/#primaryimage\",\"inLanguage\":\"ro-RO\",\"url\":\"https:\/\/www.ircon.ro\/wp-content\/uploads\/2022\/09\/menpotent.png\",\"width\":600,\"height\":783,\"caption\":\"supliment alimentar\"},{\"@type\":\"WebPage\",\"@id\":\"https:\/\/www.ircon.ro\/home\/produs\/menpotent-195g\/#webpage\",\"url\":\"https:\/\/www.ircon.ro\/home\/produs\/menpotent-195g\/\",\"name\":\"Menpotent 19,5g | Stimuleaz\\u0103 performan\\u0163a sexual\\u0103\",\"isPartOf\":{\"@id\":\"https:\/\/www.ircon.ro\/home\/#website\"},\"primaryImageOfPage\":{\"@id\":\"https:\/\/www.ircon.ro\/home\/produs\/menpotent-195g\/#primaryimage\"},\"datePublished\":\"2022-09-07T12:11:24+00:00\",\"dateModified\":\"2024-05-22T05:04:21+00:00\",\"description\":\"Produsul Menpotent stimuleaz\\u0103 performan\\u0163a sexual\\u0103, \\u00eencrederea de sine \\u015fi sistemul osos.\",\"breadcrumb\":{\"@id\":\"https:\/\/www.ircon.ro\/home\/produs\/menpotent-195g\/#breadcrumb\"},\"inLanguage\":\"ro-RO\",\"potentialAction\":[{\"@type\":\"ReadAction\",\"target\":[\"https:\/\/www.ircon.ro\/home\/produs\/menpotent-195g\/\"]}]},{\"@type\":\"BreadcrumbList\",\"@id\":\"https:\/\/www.ircon.ro\/home\/produs\/menpotent-195g\/#breadcrumb\",\"itemListElement\":[{\"@type\":\"ListItem\",\"position\":1,\"item\":{\"@type\":\"WebPage\",\"@id\":\"https:\/\/www.ircon.ro\/home\/\",\"url\":\"https:\/\/www.ircon.ro\/home\/\",\"name\":\"Prima pagin\\u0103\"}},{\"@type\":\"ListItem\",\"position\":2,\"item\":{\"@type\":\"WebPage\",\"@id\":\"https:\/\/www.ircon.ro\/home\/produse-realizate-de-firma-ircon-srl\/\",\"url\":\"https:\/\/www.ircon.ro\/home\/produse-realizate-de-firma-ircon-srl\/\",\"name\":\"Produse\"}},{\"@type\":\"ListItem\",\"position\":3,\"item\":{\"@type\":\"WebPage\",\"@id\":\"https:\/\/www.ircon.ro\/home\/produs\/menpotent-195g\/\",\"url\":\"https:\/\/www.ircon.ro\/home\/produs\/menpotent-195g\/\",\"name\":\"Menpotent 19,5g\"}}]}]}<\/script>\n<!-- \/ Yoast SEO plugin. -->","_links":{"self":[{"href":"https:\/\/www.ircon.ro\/home\/wp-json\/wp\/v2\/product\/3026"}],"collection":[{"href":"https:\/\/www.ircon.ro\/home\/wp-json\/wp\/v2\/product"}],"about":[{"href":"https:\/\/www.ircon.ro\/home\/wp-json\/wp\/v2\/types\/product"}],"replies":[{"embeddable":true,"href":"https:\/\/www.ircon.ro\/home\/wp-json\/wp\/v2\/comments?post=3026"}],"version-history":[{"count":3,"href":"https:\/\/www.ircon.ro\/home\/wp-json\/wp\/v2\/product\/3026\/revisions"}],"predecessor-version":[{"id":4061,"href":"https:\/\/www.ircon.ro\/home\/wp-json\/wp\/v2\/product\/3026\/revisions\/4061"}],"wp:featuredmedia":[{"embeddable":true,"href":"https:\/\/www.ircon.ro\/home\/wp-json\/wp\/v2\/media\/3027"}],"wp:attachment":[{"href":"https:\/\/www.ircon.ro\/home\/wp-json\/wp\/v2\/media?parent=3026"}],"wp:term":[{"taxonomy":"product_cat","embeddable":true,"href":"https:\/\/www.ircon.ro\/home\/wp-json\/wp\/v2\/product_cat?post=3026"},{"taxonomy":"product_tag","embeddable":true,"href":"https:\/\/www.ircon.ro\/home\/wp-json\/wp\/v2\/product_tag?post=3026"}],"curies":[{"name":"wp","href":"https:\/\/api.w.org\/{rel}","templated":true}]}}